e hundred thousands digit of 2817824?
8
What is the hundred thousands digit of 291376?
2
What is the millions digit of 19566257?
9
What is the thousands digit of 236980?
6
What is the thousands digit of 20897523?
7
What is the units digit of 407565?
5
What is the hundreds digit of 882335?
3
What is the hundred thousands digit of 2262827?
2
What is the thousands digit of 766961?
6
What is the thousands digit of 1162697?
2
What is the hundreds digit of 2388111?
1
What is the millions digit of 3191549?
3
What is the ten millions digit of 12467470?
1
What is the thousands digit of 850251?
0
What is the thousands digit of 289796?
9
What is the tens digit of 68777?
7
What is the hundred thousands digit of 515452?
5
What is the hundred thousands digit of 211336?
2
What is the thousands digit of 34752?
4
What is the ten thousands digit of 14384962?
8
What is the ten thousands digit of 3922235?
2
What is the tens digit of 2042201?
0
What is the tens digit of 202969?
6
What is the thousands digit of 33382?
3
What is the hundred thousands digit of 943286?
9
What is the ten thousands digit of 309767?
0
What is the hundreds digit of 16082316?
3
What is the millions digit of 2994214?
2
What is the units digit of 113171?
1
What is the hundred thousands digit of 2137734?
1
What is the thousands digit of 109873?
9
What is the thousands digit of 273399?
3
What is the tens digit of 15201?
0
What is the hundred thousands digit of 5967531?
9
What is the ten thousands digit of 29023?
2
What is the ten thousands digit of 625109?
2
What is the hundreds digit of 1423149?
1
What is the ten thousands digit of 3430822?
3
What is the tens digit of 886284?
8
What is the hundred thousands digit of 7013607?
0
What is the hundred thousands digit of 619357?
6
What is the thousands digit of 8516400?
6
What is the hundred thousands digit of 264962?
2
What is the thousands digit of 7700195?
0
What is the tens digit of 325958?
5
What is the ten millions digit of 16018597?
1
What is the hundreds digit of 18615058?
0
What is the hundreds digit of 2798639?
6
What is the ten thousands digit of 3402085?
0
What is the thousands digit of 344218?
4
What is the hundreds digit of 109600?
6
What is the millions digit of 1006516?
1
What is the units digit of 1343982?
2
What is the tens digit of 12437936?
3
What is the tens digit of 625696?
9
What is the thousands digit of 431098?
1
What is the tens digit of 153462?
6
What is the hundred thousands digit of 6476284?
4
What is the thousands digit of 6628438?
8
What is the thousands digit of 5800760?
0
What is the ten thousands digit of 10292806?
9
What is the hundreds digit of 4851?
8
What is the tens digit of 2846361?
6
What is the hundreds digit of 1107983?
9
What is the ten thousands digit of 10556039?
5
What is the ten thousands digit of 110438?
1
What is the hundred thousands digit of 142040?
1
What is the hundred thousands digit of 568930?
5
What is the hundreds digit of 1150775?
7
What is the tens digit of 4039509?
0
What is the millions digit of 25223947?
5
What is the hundreds digit of 506494?
4
What is the hundred thousands digit of 1138134?
1
What is the hundreds digit of 471932?
9
What is the tens digit of 675379?
7
What is the ten thousands digit of 1426140?
2
What is the tens digit of 1784152?
5
What is the tens digit of 811282?
8
What is the hundreds digit of 352402?
4
What is the tens digit of 3781939?
3
What is the ten thousands digit of 5124332?
2
What is the hundred thousands digit of 5257950?
2
What is the millions digit of 1879097?
1
What is the tens digit of 494564?
6
What is the tens digit of 25428962?
6
What is the hundred thousands digit of 1132742?
1
What is the tens digit of 228183?
8
What is the hundred thousands digit of 824420?
8
What is the ten thousands digit of 1288629?
8
What is the thousands digit of 130746?
0
What is the thousands digit of 7197790?
7
What is the millions digit of 2014090?
2
What is the ten thousands digit of 1842355?
4
What is the thousands digit of 288092?
8
What is the hundred thousands digit of 257132?
2
What is the ten thousands digit of 12772316?
7
What is the millions digit of 17008482?
7
What is the ten thousands digit of 2895967?
9
What is the units digit of 619535?
5
What is the units digit of 2709699?
9
What is the ten thousands digit of 219447?
1
What is the hundred thousands digit of 30190442?
1
What is the units digit of 8404641?
1
What is the hundreds digit of 10675031?
0
What is the thousands digit of 60185?
0
What is the hundreds digit of 8858567?
5
What is the hundred thousands digit of 619626?
6
What is the hundred thousands digit of 28653496?
6
What is the hundred thousands digit of 8509366?
5
What is the thousands digit of 265250?
5
What is the hundred thousands digit of 11905176?
9
What is the hundred thousands digit of 1128683?
1
What is the units digit of 24027696?
6
What is the tens digit of 6301064?
6
What is the thousands digit of 2072174?
2
What is the tens digit of 2708316?
1
What is the millions digit of 17358001?
7
What is the ten thousands digit of 3998945?
9
What is the hundred thousands digit of 631486?
6
What is the units digit of 2265502?
2
What is the tens digit of 3589279?
7
What is the units digit of 5856006?
6
What is the hundreds digit of 1499935?
9
What is the tens digit of 8394527?
2
What is the tens digit of 345884?
8
What is the millions digit of 1989387?
1
What is the tens digit of 3612604?
0
What is the hundreds digit of 456723?
7
What is the tens digit of 48317?
1
What is the ten thousands digit of 279850?
7
What is the hundred thousands digit of 187787?
1
What is the hundreds digit of 1230459?
4
What is the hundreds digit of 145225?
2
What is the ten thousands digit of 208480?
0
What is the tens digit of 3763050?
5
What is the millions digit of 2262379?
2
What is the thousands digit of 301412?
1
What is the units digit of 6746827?
7
What is the hundred thousands digit of 7958594?
9
What is the tens digit of 1279349?
4
What is the hundreds digit of 226021?
0
What is the tens digit of 109467?
6
What is the units digit of 409063?
3
What is the thousands digit of 117729?
7
What is the hundreds digit of 815843?
8
What is the ten thousands digit of 3280374?
8
What is the ten thousands digit of 234900?
3
What is the ten thousands digit of 2670453?
7
What is the ten thousands digit of 68653?
6
What is the millions digit of 18955819?
8
What is the units digit of 834552?
2
What is the hundred thousands digit of 2942773?
9
What is the ten thousands digit of 416918?
1
What is the thousands digit of 242307?
2
What is the hundreds digit of 274353?
3
What is the ten thousands digit of 328543?
2
What is the hundred thousands digit of 5211416?
2
What is the hundred thousands digit of 2262274?
2
What is the thousands digit of 207058?
7
What is the hundreds digit of 101766?
7
What is the tens digit of 1880454?
5
What is the millions digit of 33140432?
3
What is the hundred thousands digit of 241527?
2
What is the hundreds digit of 2934064?
0
What is the ten thousands digit of 62648?
6
What is the hundred thousands digit of 263464?
2
What is the hundred thousands digit of 5109277?
1
What is the hundred thousands digit of 775682?
7
What is the ten thousands digit of 52598?
5
What is the millions digit of 18602692?
8
What is the ten thousands digit of 228153?
2
What is the ten thousands digit of 813285?
1
What is the hundreds digit of 361210?
2
What is the millions digit of 7158455?
7
What is the hundred thousands digit of 252903?
2
What is the units digit of 9877387?
7
What is the tens digit of 1085042?
4
What is the hundred thousands digit of 1423046?
4
What is the units digit of 135139?
9
What is the ten thousands digit of 3430573?
3
What is the ten thousands digit of 2110583?
1
What is the hundred thousands digit of 155943?
1
What is the hundreds digit of 92690?
6
What is the hundred thousands digit of 13466873?
4
What is the hundreds digit of 7633896?
8
What is the tens digit of 2307000?
0
What is the hundred thousands digit of 3059377?
0
What is the ten thousands digit of 54433?
5
What is the ten thousands digit of 182349?
8
What is the ten thousands digit of 11539590?
3
What is the ten thousands digit of 3093596?
9
What is the hundred thousands digit of 14